{"id":31,"date":"2019-10-01T17:52:40","date_gmt":"2019-10-01T15:52:40","guid":{"rendered":"http:\/\/www.wolfgangseitz.de\/?page_id=31"},"modified":"2019-10-21T10:24:07","modified_gmt":"2019-10-21T08:24:07","slug":"freie","status":"publish","type":"page","link":"https:\/\/www.wolfgangseitz.de\/index.php\/freie\/","title":{"rendered":"Freie"},"content":{"rendered":"\n<h1 class=\"wp-block-heading\"><strong>Auswahl<\/strong><\/h1>\n\n\n\n<p>Freie k\u00fcnstlerische Arbeiten<br> Metallskulpturen<br> Kunst am Bau<br> Realisierungsarbeiten f\u00fcr K\u00fcnstler<\/p>\n\n\n\n<p style=\"text-align:left\">\u201eBruchst\u00fccke des Seins\u201c sind Metallskulpturen, die aus gro\u00dfen Brennschneidest\u00fccken gebrannt sind.<\/p>\n\n\n\n<p style=\"text-align:left\">Es war der Versuch, die Inspiration und Kreativit\u00e4t in einem einzigen Augenblickes zu erfassen und sie zu fixieren.<\/p>\n\n\n\n<div class=\"wp-block-image\"><figure class=\"aligncenter is-resized\"><img loading=\"lazy\" decoding=\"async\" src=\"http:\/\/www.wolfgangseitz.de\/wp-content\/uploads\/2019\/10\/Wolfgang_Seitz_Bruchstuecke_des_Seins-1.jpg\" alt=\"Bruchst\u00fccke des Seins\" class=\"wp-image-419\" width=\"480\" height=\"320\" srcset=\"https:\/\/www.wolfgangseitz.de\/wp-content\/uploads\/2019\/10\/Wolfgang_Seitz_Bruchstuecke_des_Seins-1.jpg 640w, https:\/\/www.wolfgangseitz.de\/wp-content\/uploads\/2019\/10\/Wolfgang_Seitz_Bruchstuecke_des_Seins-1-300x200.jpg 300w\" sizes=\"auto, (max-width: 480px) 100vw, 480px\" \/><figcaption><strong>Bruchst\u00fccke des Seins<\/strong><\/figcaption><\/figure><\/div>\n\n\n\n<p>Unser Leben besteht aus Augenblicken, die aneinander gereiht eine Minute, einen Tag, ein Jahr und&nbsp;alles zusammen, unser Leben ergeben. Diesen einen Moment im Alltag, der nicht l\u00e4nger als ein Atemzug oder eine Geste ist, und dennoch&nbsp;so voller Komplexit\u00e4t und Geschwindigkeit steckt, wollte ich beim Abtrennen und Herausschneiden&nbsp;festhalten und dadurch konservieren. Ohne dabei seiner unersch\u00f6pflichen F\u00fclle an Gedanken, Farben, Stimmen und Ger\u00fcchen etwas zu nehmen oder ihn zu manipulieren.<\/p>\n\n\n\n<div class=\"wp-block-image\"><figure class=\"aligncenter is-resized\"><img loading=\"lazy\" decoding=\"async\" src=\"http:\/\/www.wolfgangseitz.de\/wp-content\/uploads\/2019\/10\/Wolfgang_Seitz_Bruchstuecke_des_Seins-2.jpg\" alt=\"Wolfgang_Seitz_Bruchstuecke_des_Seins 2\" class=\"wp-image-425\" width=\"480\" height=\"320\" srcset=\"https:\/\/www.wolfgangseitz.de\/wp-content\/uploads\/2019\/10\/Wolfgang_Seitz_Bruchstuecke_des_Seins-2.jpg 640w, https:\/\/www.wolfgangseitz.de\/wp-content\/uploads\/2019\/10\/Wolfgang_Seitz_Bruchstuecke_des_Seins-2-300x200.jpg 300w\" sizes=\"auto, (max-width: 480px) 100vw, 480px\" \/><\/figure><\/div>\n\n\n\n<p>Es ist nat\u00fcrlich nicht m\u00f6glich einen einzigen Augenblick im Leben festzuhalten,&nbsp;ebenso wie es unm\u00f6glich ist, ihn zu wiederholen oder ihn zu konservieren.&nbsp;Das einzige, was vielleicht aber m\u00f6glich ist und bleibt, ist eine vertraute innere&nbsp;Stimme, die uns ab und an in der Poesie der Erinnerung, mit all ihrem&nbsp;vertrauten Geruch das Gef\u00fchl gibt, dass in diesem einen Augenblick&nbsp;Leben \u201eSein\u201c inne lebt.<br>Wolfgang Seitz<\/p>\n\n\n\n<div class=\"wp-block-image\"><figure class=\"aligncenter is-resized\"><img loading=\"lazy\" decoding=\"async\" src=\"http:\/\/www.wolfgangseitz.de\/wp-content\/uploads\/2019\/10\/Wolfgang_Seitz_Minutenbilder-1.jpg\" alt=\"Minutenbilder\" class=\"wp-image-428\" width=\"240\" height=\"360\" srcset=\"https:\/\/www.wolfgangseitz.de\/wp-content\/uploads\/2019\/10\/Wolfgang_Seitz_Minutenbilder-1.jpg 320w, https:\/\/www.wolfgangseitz.de\/wp-content\/uploads\/2019\/10\/Wolfgang_Seitz_Minutenbilder-1-200x300.jpg 200w\" sizes=\"auto, (max-width: 240px) 100vw, 240px\" \/><figcaption><strong>Minutenbilder<\/strong><\/figcaption><\/figure><\/div>\n\n\n\n<div class=\"wp-block-image\"><figure class=\"aligncenter is-resized\"><img loading=\"lazy\" decoding=\"async\" src=\"http:\/\/www.wolfgangseitz.de\/wp-content\/uploads\/2019\/10\/Wolfgang_Seitz_Minutenbilder-4.jpg\" alt=\"Minutenbilder\" class=\"wp-image-429\" width=\"240\" height=\"360\" srcset=\"https:\/\/www.wolfgangseitz.de\/wp-content\/uploads\/2019\/10\/Wolfgang_Seitz_Minutenbilder-4.jpg 320w, https:\/\/www.wolfgangseitz.de\/wp-content\/uploads\/2019\/10\/Wolfgang_Seitz_Minutenbilder-4-200x300.jpg 200w\" sizes=\"auto, (max-width: 240px) 100vw, 240px\" \/><\/figure><\/div>\n\n\n\n<div class=\"wp-block-image\"><figure class=\"aligncenter is-resized\"><img loading=\"lazy\" decoding=\"async\" src=\"http:\/\/www.wolfgangseitz.de\/wp-content\/uploads\/2019\/10\/Wolfgang_Seitz_Minutenbilder-2.jpg\" alt=\"Minutenbilder\" class=\"wp-image-431\" width=\"240\" height=\"360\" srcset=\"https:\/\/www.wolfgangseitz.de\/wp-content\/uploads\/2019\/10\/Wolfgang_Seitz_Minutenbilder-2.jpg 320w, https:\/\/www.wolfgangseitz.de\/wp-content\/uploads\/2019\/10\/Wolfgang_Seitz_Minutenbilder-2-200x300.jpg 200w\" sizes=\"auto, (max-width: 240px) 100vw, 240px\" \/><\/figure><\/div>\n\n\n\n<div class=\"wp-block-image\"><figure class=\"aligncenter is-resized\"><img loading=\"lazy\" decoding=\"async\" src=\"http:\/\/www.wolfgangseitz.de\/wp-content\/uploads\/2019\/10\/Wolfgang_Seitz_Minutenbilder-5.jpg\" alt=\"Minutenbilder\" class=\"wp-image-432\" width=\"240\" height=\"360\" srcset=\"https:\/\/www.wolfgangseitz.de\/wp-content\/uploads\/2019\/10\/Wolfgang_Seitz_Minutenbilder-5.jpg 320w, https:\/\/www.wolfgangseitz.de\/wp-content\/uploads\/2019\/10\/Wolfgang_Seitz_Minutenbilder-5-200x300.jpg 200w\" sizes=\"auto, (max-width: 240px) 100vw, 240px\" \/><\/figure><\/div>\n\n\n\n<div class=\"wp-block-image\"><figure class=\"aligncenter is-resized\"><img loading=\"lazy\" decoding=\"async\" src=\"http:\/\/www.wolfgangseitz.de\/wp-content\/uploads\/2019\/10\/Wolfgang_Seitz_Minutenbilder-3.jpg\" alt=\"Minutenbilder\" class=\"wp-image-433\" width=\"240\" height=\"360\" srcset=\"https:\/\/www.wolfgangseitz.de\/wp-content\/uploads\/2019\/10\/Wolfgang_Seitz_Minutenbilder-3.jpg 320w, https:\/\/www.wolfgangseitz.de\/wp-content\/uploads\/2019\/10\/Wolfgang_Seitz_Minutenbilder-3-200x300.jpg 200w\" sizes=\"auto, (max-width: 240px) 100vw, 240px\" \/><\/figure><\/div>\n\n\n\n<div class=\"wp-block-image\"><figure class=\"aligncenter is-resized\"><img loading=\"lazy\" decoding=\"async\" src=\"http:\/\/www.wolfgangseitz.de\/wp-content\/uploads\/2019\/10\/Wolfgang_Seitz_Minutenbilder-6.jpg\" alt=\"Minutenbilder\" class=\"wp-image-434\" width=\"240\" height=\"360\" srcset=\"https:\/\/www.wolfgangseitz.de\/wp-content\/uploads\/2019\/10\/Wolfgang_Seitz_Minutenbilder-6.jpg 320w, https:\/\/www.wolfgangseitz.de\/wp-content\/uploads\/2019\/10\/Wolfgang_Seitz_Minutenbilder-6-200x300.jpg 200w\" sizes=\"auto, (max-width: 240px) 100vw, 240px\" \/><\/figure><\/div>\n\n\n\n<div class=\"wp-block-image\"><figure class=\"aligncenter\"><img loading=\"lazy\" decoding=\"async\" width=\"447\" height=\"298\" src=\"http:\/\/www.wolfgangseitz.de\/wp-content\/uploads\/2019\/10\/Wolfgang_Seitz_Arbeiten-3.jpg\" alt=\"Betonguss\" class=\"wp-image-436\" srcset=\"https:\/\/www.wolfgangseitz.de\/wp-content\/uploads\/2019\/10\/Wolfgang_Seitz_Arbeiten-3.jpg 447w, https:\/\/www.wolfgangseitz.de\/wp-content\/uploads\/2019\/10\/Wolfgang_Seitz_Arbeiten-3-300x200.jpg 300w\" sizes=\"auto, (max-width: 447px) 100vw, 447px\" \/><figcaption><strong>Skulptur<\/strong><br>Betonguss <\/figcaption><\/figure><\/div>\n\n\n\n<div class=\"wp-block-image\"><figure class=\"aligncenter\"><img loading=\"lazy\" decoding=\"async\" width=\"447\" height=\"298\" src=\"http:\/\/www.wolfgangseitz.de\/wp-content\/uploads\/2019\/10\/Wolfgang_Seitz_Arbeiten-2.jpg\" alt=\"Betonguss \" class=\"wp-image-437\" srcset=\"https:\/\/www.wolfgangseitz.de\/wp-content\/uploads\/2019\/10\/Wolfgang_Seitz_Arbeiten-2.jpg 447w, https:\/\/www.wolfgangseitz.de\/wp-content\/uploads\/2019\/10\/Wolfgang_Seitz_Arbeiten-2-300x200.jpg 300w\" sizes=\"auto, (max-width: 447px) 100vw, 447px\" \/><\/figure><\/div>\n\n\n\n<div class=\"wp-block-image\"><figure class=\"aligncenter\"><img loading=\"lazy\" decoding=\"async\" width=\"447\" height=\"298\" src=\"http:\/\/www.wolfgangseitz.de\/wp-content\/uploads\/2019\/10\/Wolfgang_Seitz_Arbeiten-1.jpg\" alt=\"Betonguss \" class=\"wp-image-438\" srcset=\"https:\/\/www.wolfgangseitz.de\/wp-content\/uploads\/2019\/10\/Wolfgang_Seitz_Arbeiten-1.jpg 447w, https:\/\/www.wolfgangseitz.de\/wp-content\/uploads\/2019\/10\/Wolfgang_Seitz_Arbeiten-1-300x200.jpg 300w\" sizes=\"auto, (max-width: 447px) 100vw, 447px\" \/><\/figure><\/div>\n\n\n\n<div class=\"wp-block-image\"><figure class=\"aligncenter\"><img loading=\"lazy\" decoding=\"async\" width=\"450\" height=\"338\" src=\"http:\/\/www.wolfgangseitz.de\/wp-content\/uploads\/2019\/10\/skulptur_04_gross.jpg\" alt=\"Raumzeichen I  \" class=\"wp-image-439\" srcset=\"https:\/\/www.wolfgangseitz.de\/wp-content\/uploads\/2019\/10\/skulptur_04_gross.jpg 450w, https:\/\/www.wolfgangseitz.de\/wp-content\/uploads\/2019\/10\/skulptur_04_gross-300x225.jpg 300w\" sizes=\"auto, (max-width: 450px) 100vw, 450px\" \/><figcaption><strong>Skulptur <\/strong><br>Raumzeichen I  <\/figcaption><\/figure><\/div>\n\n\n\n<div class=\"wp-block-image\"><figure class=\"aligncenter\"><img loading=\"lazy\" decoding=\"async\" width=\"450\" height=\"340\" src=\"http:\/\/www.wolfgangseitz.de\/wp-content\/uploads\/2019\/10\/stier_gross.jpg\" alt=\"Stierkopf\" class=\"wp-image-440\" srcset=\"https:\/\/www.wolfgangseitz.de\/wp-content\/uploads\/2019\/10\/stier_gross.jpg 450w, https:\/\/www.wolfgangseitz.de\/wp-content\/uploads\/2019\/10\/stier_gross-300x227.jpg 300w\" sizes=\"auto, (max-width: 450px) 100vw, 450px\" \/><figcaption><strong>Wandobjekt<\/strong><br>Stierkopf<\/figcaption><\/figure><\/div>\n\n\n\n<div class=\"wp-block-image\"><figure class=\"aligncenter is-resized\"><img loading=\"lazy\" decoding=\"async\" src=\"http:\/\/www.wolfgangseitz.de\/wp-content\/uploads\/2019\/10\/DSCN2834-1024x768.jpg\" alt=\"Minotaurus\" class=\"wp-image-441\" width=\"480\" height=\"576\"\/><figcaption><strong>Minotaurus<\/strong><\/figcaption><\/figure><\/div>\n\n\n\n<div class=\"wp-block-image\"><figure class=\"aligncenter is-resized\"><img loading=\"lazy\" decoding=\"async\" src=\"http:\/\/www.wolfgangseitz.de\/wp-content\/uploads\/2019\/10\/sieger-768x1024.jpg\" alt=\"14 Figuren\" class=\"wp-image-443\" width=\"480\" height=\"480\"\/><figcaption><strong>14 Figuren <\/strong><br>Der Sieger<\/figcaption><\/figure><\/div>\n\n\n\n<div class=\"wp-block-image\"><figure class=\"aligncenter is-resized\"><img decoding=\"async\" src=\"http:\/\/www.wolfgangseitz.de\/wp-content\/uploads\/2019\/10\/drache-768x1024.jpg\" alt=\"Drache\" class=\"wp-image-447\" width=\"480\" srcset=\"https:\/\/www.wolfgangseitz.de\/wp-content\/uploads\/2019\/10\/drache-768x1024.jpg 768w, https:\/\/www.wolfgangseitz.de\/wp-content\/uploads\/2019\/10\/drache-225x300.jpg 225w, https:\/\/www.wolfgangseitz.de\/wp-content\/uploads\/2019\/10\/drache.jpg 1000w\" sizes=\"(max-width: 768px) 100vw, 768px\" \/><figcaption><strong>Drache<\/strong><\/figcaption><\/figure><\/div>\n\n\n\n<ul class=\"wp-block-gallery aligncenter columns-2 is-cropped wp-block-gallery-1 is-layout-flex wp-block-gallery-is-layout-flex\"><li class=\"blocks-gallery-item\"><figure><img decoding=\"async\" src=\"http:\/\/www.wolfgangseitz.de\/wp-content\/uploads\/2019\/10\/baumhaus_01-e1570810742871.jpg\" alt=\"\" data-id=\"449\" data-link=\"http:\/\/www.wolfgangseitz.de\/index.php\/freie\/baumhaus_01\/\" class=\"wp-image-449\"\/><\/figure><\/li><li class=\"blocks-gallery-item\"><figure><img loading=\"lazy\" decoding=\"async\" width=\"380\" height=\"285\" src=\"http:\/\/www.wolfgangseitz.de\/wp-content\/uploads\/2019\/10\/baumhaus_02-e1570810793510.jpg\" alt=\"\" data-id=\"451\" data-link=\"http:\/\/www.wolfgangseitz.de\/index.php\/freie\/baumhaus_02\/\" class=\"wp-image-451\"\/><\/figure><\/li><li class=\"blocks-gallery-item\"><figure><img loading=\"lazy\" decoding=\"async\" width=\"380\" height=\"285\" src=\"http:\/\/www.wolfgangseitz.de\/wp-content\/uploads\/2019\/10\/baumhaus_03-e1570810779886.jpg\" alt=\"\" data-id=\"452\" data-link=\"http:\/\/www.wolfgangseitz.de\/index.php\/freie\/baumhaus_03\/\" class=\"wp-image-452\"\/><\/figure><\/li><li class=\"blocks-gallery-item\"><figure><img loading=\"lazy\" decoding=\"async\" width=\"1024\" height=\"768\" src=\"http:\/\/www.wolfgangseitz.de\/wp-content\/uploads\/2019\/10\/DSCN3889-1024x768.jpg\" alt=\"\" data-id=\"453\" data-link=\"http:\/\/www.wolfgangseitz.de\/index.php\/freie\/dscn3889\/\" class=\"wp-image-453\"\/><\/figure><\/li><\/ul>\n\n\n\n<p style=\"text-align:center\"><strong>Baumh\u00e4user<\/strong> <br>Entwurf 1-4<\/p>\n\n\n\n<div class=\"wp-block-image\"><figure class=\"aligncenter\"><img loading=\"lazy\" decoding=\"async\" width=\"450\" height=\"637\" src=\"http:\/\/www.wolfgangseitz.de\/wp-content\/uploads\/2019\/10\/bodenzaubermaschine.jpg\" alt=\"bodenzaubermaschine\" class=\"wp-image-461\" srcset=\"https:\/\/www.wolfgangseitz.de\/wp-content\/uploads\/2019\/10\/bodenzaubermaschine.jpg 450w, https:\/\/www.wolfgangseitz.de\/wp-content\/uploads\/2019\/10\/bodenzaubermaschine-212x300.jpg 212w\" sizes=\"auto, (max-width: 450px) 100vw, 450px\" \/><figcaption><strong>Bodenzaubermaschine<\/strong><br>Modell I<\/figcaption><\/figure><\/div>\n\n\n\n<ul class=\"wp-block-gallery aligncenter columns-2 is-cropped wp-block-gallery-2 is-layout-flex wp-block-gallery-is-layout-flex\"><li class=\"blocks-gallery-item\"><figure><img loading=\"lazy\" decoding=\"async\" width=\"1000\" height=\"750\" src=\"http:\/\/www.wolfgangseitz.de\/wp-content\/uploads\/2019\/10\/winnenden.jpg\" alt=\"winnenden\" data-id=\"462\" data-link=\"http:\/\/www.wolfgangseitz.de\/index.php\/freie\/winnenden\/\" class=\"wp-image-462\" srcset=\"https:\/\/www.wolfgangseitz.de\/wp-content\/uploads\/2019\/10\/winnenden.jpg 1000w, https:\/\/www.wolfgangseitz.de\/wp-content\/uploads\/2019\/10\/winnenden-300x225.jpg 300w, https:\/\/www.wolfgangseitz.de\/wp-content\/uploads\/2019\/10\/winnenden-768x576.jpg 768w\" sizes=\"auto, (max-width: 1000px) 100vw, 1000px\" \/><\/figure><\/li><li class=\"blocks-gallery-item\"><figure><img loading=\"lazy\" decoding=\"async\" width=\"1000\" height=\"750\" src=\"http:\/\/www.wolfgangseitz.de\/wp-content\/uploads\/2019\/10\/winni.jpg\" alt=\"winni\" data-id=\"463\" data-link=\"http:\/\/www.wolfgangseitz.de\/index.php\/freie\/winni\/\" class=\"wp-image-463\" srcset=\"https:\/\/www.wolfgangseitz.de\/wp-content\/uploads\/2019\/10\/winni.jpg 1000w, https:\/\/www.wolfgangseitz.de\/wp-content\/uploads\/2019\/10\/winni-300x225.jpg 300w, https:\/\/www.wolfgangseitz.de\/wp-content\/uploads\/2019\/10\/winni-768x576.jpg 768w\" sizes=\"auto, (max-width: 1000px) 100vw, 1000px\" \/><\/figure><\/li><\/ul>\n\n\n\n<p style=\"text-align:center\"><strong>Wandobjekt<\/strong><\/p>\n","protected":false},"excerpt":{"rendered":"<p>Auswahl Freie k\u00fcnstlerische Arbeiten Metallskulpturen Kunst am Bau Realisierungsarbeiten f\u00fcr K\u00fcnstler \u201eBruchst\u00fccke des Seins\u201c sind Metallskulpturen, die aus gro\u00dfen Brennschneidest\u00fccken gebrannt sind. Es war der Versuch, die Inspiration und Kreativit\u00e4t in einem einzigen Augenblickes zu erfassen und sie zu fixieren. Unser Leben besteht aus Augenblicken, die aneinander gereiht eine Minute, einen Tag, ein Jahr und&nbsp;allesContinue reading &rarr;<\/p>\n","protected":false},"author":1,"featured_media":0,"parent":0,"menu_order":0,"comment_status":"closed","ping_status":"closed","template":"","meta":{"footnotes":""},"class_list":["post-31","page","type-page","status-publish","hentry","no-thumb"],"_links":{"self":[{"href":"https:\/\/www.wolfgangseitz.de\/index.php\/wp-json\/wp\/v2\/pages\/31","targetHints":{"allow":["GET"]}}],"collection":[{"href":"https:\/\/www.wolfgangseitz.de\/index.php\/wp-json\/wp\/v2\/pages"}],"about":[{"href":"https:\/\/www.wolfgangseitz.de\/index.php\/wp-json\/wp\/v2\/types\/page"}],"author":[{"embeddable":true,"href":"https:\/\/www.wolfgangseitz.de\/index.php\/wp-json\/wp\/v2\/users\/1"}],"replies":[{"embeddable":true,"href":"https:\/\/www.wolfgangseitz.de\/index.php\/wp-json\/wp\/v2\/comments?post=31"}],"version-history":[{"count":24,"href":"https:\/\/www.wolfgangseitz.de\/index.php\/wp-json\/wp\/v2\/pages\/31\/revisions"}],"predecessor-version":[{"id":472,"href":"https:\/\/www.wolfgangseitz.de\/index.php\/wp-json\/wp\/v2\/pages\/31\/revisions\/472"}],"wp:attachment":[{"href":"https:\/\/www.wolfgangseitz.de\/index.php\/wp-json\/wp\/v2\/media?parent=31"}],"curies":[{"name":"wp","href":"https:\/\/api.w.org\/{rel}","templated":true}]}}